when 117956414 is divided by 58978173?
68
Calculate the remainder when 26010181 is divided by 1472.
1413
Calculate the remainder when 37041600 is divided by 3113.
13
Calculate the remainder when 98228457 is divided by 707.
705
Calculate the remainder when 282546 is divided by 47003.
528
Calculate the remainder when 9330836 is divided by 447.
158
Calculate the remainder when 667174 is divided by 222309.
247
What is the remainder when 1583791 is divided by 12277?
58
What is the remainder when 706299 is divided by 1765?
299
Calculate the remainder when 2427830 is divided by 1728.
1718
What is the remainder when 51367 is divided by 4157?
1483
Calculate the remainder when 31847378 is divided by 74.
72
What is the remainder when 7449518 is divided by 676?
674
What is the remainder when 1190393 is divided by 169?
126
Calculate the remainder when 6613648 is divided by 3306824.
0
Calculate the remainder when 2227069 is divided by 698.
449
Calculate the remainder when 2534500 is divided by 5215.
10
What is the remainder when 2056456 is divided by 228492?
28
What is the remainder when 401478 is divided by 5156?
4466
What is the remainder when 9621248 is divided by 355?
38
What is the remainder when 471664 is divided by 15690?
964
Calculate the remainder when 213824 is divided by 213757.
67
Calculate the remainder when 232864 is divided by 1030.
84
Calculate the remainder when 24773672 is divided by 12386831.
10
What is the remainder when 3377583 is divided by 121?
110
Calculate the remainder when 9462 is divided by 3415.
2632
What is the remainder when 18891450 is divided by 162?
144
What is the remainder when 1567001 is divided by 1229?
26
What is the remainder when 20242 is divided by 876?
94
Calculate the remainder when 4807485 is divided by 343.
340
What is the remainder when 117578969 is divided by 6834?
6833
What is the remainder when 11871 is divided by 2839?
515
Calculate the remainder when 2210610 is divided by 118.
116
What is the remainder when 9074026 is divided by 191?
189
Calculate the remainder when 7915693 is divided by 255342.
91
What is the remainder when 1342658 is divided by 362?
0
Calculate the remainder when 2247181 is divided by 149811.
16
Calculate the remainder when 141744801 is divided by 129.
117
What is the remainder when 247653 is divided by 235?
198
What is the remainder when 557465 is divided by 1093?
35
What is the remainder when 144028720 is divided by 918?
28
What is the remainder when 17461106 is divided by 14?
12
Calculate the remainder when 74945570 is divided by 4484.
4478
Calculate the remainder when 29701860 is divided by 9900618.
6
Calculate the remainder when 70269 is divided by 43.
7
Calculate the remainder when 69872774 is divided by 9.
5
Calculate the remainder when 322084 is divided by 360.
244
Calculate the remainder when 42143 is divided by 5175.
743
What is the remainder when 777774 is divided by 111106?
32
What is the remainder when 60425111 is divided by 33?
32
What is the remainder when 3062469 is divided by 74693?
56
Calculate the remainder when 217754 is divided by 43.
2
What is the remainder when 42082153 is divided by 29719?
49
Calculate the remainder when 5307649 is divided by 65.
9
Calculate the remainder when 75651 is divided by 3040.
2691
What is the remainder when 33420 is divided by 597?
585
What is the remainder when 156107 is divided by 3995?
302
Calculate the remainder when 2308671 is divided by 242.
233
Calculate the remainder when 166423 is divided by 11084.
163
What is the remainder when 212828 is divided by 994?
112
What is the remainder when 58651 is divided by 4483?
372
Calculate the remainder when 2796626 is divided by 21.
14
What is the remainder when 4969116 is divided by 208?
204
Calculate the remainder when 7532145 is divided by 259728.
33
What is the remainder when 202892 is divided by 9611?
1061
What is the remainder when 2312556 is divided by 42?
36
What is the remainder when 63521346 is divided by 136605?
21
Calculate the remainder when 729137 is divided by 553.
283
What is the remainder when 526473 is divided by 2323?
1475
What is the remainder when 50106 is divided by 21761?
6584
What is the remainder when 1415360 is divided by 266?
240
What is the remainder when 92877 is divided by 28?
1
Calculate the remainder when 18932594 is divided by 362.
356
What is the remainder when 103107 is divided by 232?
99
Calculate the remainder when 27111493 is divided by 9037063.
304
Calculate the remainder when 187089 is divided by 7792.
81
Calculate the remainder when 245396 is divided by 289.
35
Calculate the remainder when 1184322 is divided by 36.
30
What is the remainder when 1907223 is divided by 91?
45
What is the remainder when 328946 is divided by 108611?
3113
Calculate the remainder when 15041317 is divided by 15041296.
21
What is the remainder when 388557 is divided by 129519?
0
What is the remainder when 113527 is divided by 56757?
13
What is the remainder when 2334911 is divided by 56949?
2
What is the remainder when 182780828 is divided by 91390407?
14
Calculate the remainder when 207137923 is divided by 225.
223
Calculate the remainder when 43947 is divided by 270.
207
What is the remainder when 20852 is divided by 18963?
1889
What is the remainder when 12226611 is divided by 69?
18
Calculate the remainder when 23582 is divided by 4531.
927
Calculate the remainder when 150920745 is divided by 35.
10
Calculate the remainder when 1151149 is divided by 1695.
244
What is the remainder when 10103 is divided by 530?
33
Calculate the remainder when 245156 is divided by 49026.
26
Calculate the remainder when 64933597 is divided by 5903053.
14
Calculate the remainder when 20381483 is divided by 1088.
1067
What is the remainder when 111759298 is divided by 690?
688
Calculate the remainder when 46073 is divided by 3842.
3811
What is the remainder when 191170438 is divided by 847?
844
Calculate the remainder when 1032651 is divided by 206528.
11
Calculate the remainder when 31667918 is divided by 33.
29
Calculate the remainder when 1834134 is divided by 917037.
60
Calculate the remainder when 802747 is divided by 148.
143
What is the remainder when 9602 is divided by 1058?
80
Calculate the remainder when 145709 is divided by 3937.
40
Calculate the remainder when 23690 is divided by 1701.
1577
Calculate the remainder when 244260 is divided by 81125.
885
Calculate the remainder when 328678 is divided by 164331.
16
Calculate the remainder when 360262 is divided by 89733.
1330
Calculate the remainder when 199718 is divided by 66569.
11
Calculate the remainder when 43057 is divided by 3583.
61
What is the remainder when 347340 is divided by 208?
188
What is the remainder when 3299593 is divided by 55?
33
Calculate the remainder when 8471978 is divided by 13.
8
Calculate the remainder when 59240593 is divided by 134.
131
What is the remainder when 100231706 is divided by 215?
211
What is the remainder when 523078 is divided by 130742?
110
Calculate the remainder when 3765157 is divided by 2804.
2189
Calculate the remainder when 1037072 is divided by 838.
466
Calculate the remainder when 530041 is divided by 173757.
8770
Calculate the remainder when 355480 is divided by 339.
208
Calculate the remainder when 7680602 is divided by 1130.
1122
What is the remainder when 795697 is divided by 63?
7
What is the remainder when 61115 is divided by 2283?
1757
Calculate the remainder when 426465 is divided by 426457.
8
Calculate the remainder when 79000202 is divided by 8777798.
20
What is the remainder when 50746596 is divided by 339?
330
What is the remainder when 157323369 is divided by 653?
650
Calculate the remainder when 96190444 is divided by 462454.
12
What is the remainder when 32648 is divided by 16275?
98
Calculate the remainder when 10860587 is divided by 57.
35
What is the remainder when 3036532 is divided by 1462?
1420
What is the remainder when 703228 is divided by 1236?
1180
Calculate the remainder when 31459349 is divided by 102.
101
Calculate the remainder when 197518 is divided by 28109.
755
What is the remainder when 5062262 is divided by 2067?
179
Calculate the remainder when 4590006 is divided by 473.
14
What is the remainder when 6808512 is divided by 26700?
12
What is the rem